and g.
11
Let d(m) = 3*m**2 + 7*m + 13. Let x be d(5). Calculate the greatest common factor of 82 and x.
41
Suppose n - d = -0*n + 10, 2 = -3*n - 5*d. Calculate the highest common divisor of 9 and n.
3
Suppose i + 4*c = 33, -i = 4*i - 3*c - 73. Calculate the greatest common divisor of i and 187.
17
Let n(d) = 2*d + 1. Let h be n(1). Suppose -2*s + 2*j = -h*s - 3, j + 7 = 5*s. Suppose 4 = 2*z - 10. What is the greatest common divisor of s and z?
1
Suppose -t - 9 + 16 = 0. Calculate the greatest common factor of 28 and t.
7
Suppose 5*g + 3*u - 151 = 0, 3*g = -2*g + 2*u + 166. Suppose r = -p + 3*r + g, 0 = 5*p + r - 149. Calculate the highest common factor of 6 and p.
6
Suppose b = 4*b. Suppose w - 26 + 6 = b. What is the highest common factor of 220 and w?
20
Let j be 11 - (4 - (4 - -1)). What is the greatest common factor of 6 and j?
6
Let p(s) = 2*s**3 + 3*s**2 + 4*s - 3. Let z be p(3). Let k be 27/(-12)*1*4. Let l be (k + -1)*-1 - 0. Calculate the highest common divisor of z and l.
10
Suppose 0 = -g + 12*g - 330. Calculate the highest common divisor of g and 45.
15
Let z = -13 + 69. What is the highest common divisor of 8 and z?
8
Let s be ((-1)/(-2))/((-2)/28). Let t be s/21*(0 + -6). What is the highest common divisor of t and 2?
2
Let b(x) = 2*x - 1. Let l(h) = -h - 6. Let z be l(-5). Let s be b(z). Let f be (-196)/(-21)*s/(-2). Calculate the highest common factor of 2 and f.
2
Suppose 205 = -f + 6*f. Let y be (-3)/2*28/(-21). Suppose -y*d = 3*r - f, -4*d - r + 0*r = -97. Calculate the greatest common divisor of d and 5.
5
Suppose -3*b + t = -17, -4*b + 29 = b - t. Let i(w) = 2*w + 7. Let f be i(b). What is the greatest common divisor of 133 and f?
19
Let k be (-225)/(-10)*(-84)/(-15). What is the highest common factor of 14 and k?
14
Let t(q) = q + 55. Let g be t(0). Let k = g - -89. Calculate the greatest common factor of k and 18.
18
Let h = 2 - -2. Suppose 5*o - 9 = z - 31, h*o + 14 = -z. Suppose -8 = -2*a + z. What is the greatest common factor of 40 and a?
5
Let w(r) = 3*r**2 + 2*r + 2*r - 3 + r**3 - 1 - 2*r**3. Let a be w(3). Calculate the greatest common factor of 40 and a.
8
Let i = 58 + -32. Let k = -10 + i. Calculate the greatest common factor of k and 4.
4
Let y be (-18)/(0 - 2)*1. What is the greatest common divisor of 90 and y?
9
Let g = 11 - -1. Suppose 7*u = 4*u + 168. Suppose a = n - 22, -4*n + a + u = 5*a. Calculate the greatest common divisor of g and n.
6
Let f be 1 + (0/2)/2. Suppose -4*j + 3*k - 13 = 8*k, -4*k - 6 = j. Let o = f - j. Calculate the greatest common divisor of o and 15.
3
Let w(c) = -15*c + 1. Let i be w(1). Let j = 22 + i. What is the highest common divisor of j and 2?
2
Suppose 0 = 2*b - 9*b + 112. Let u be (47 + 1)/(9/6). Calculate the highest common factor of b and u.
16
Let k = -6 - -11. Suppose 4*h - 153 = 2*w + 203, -5*h + 460 = k*w. Suppose -d + 30 = -6*f + 2*f, d + 15 = -5*f. Calculate the highest common divisor of h and d.
10
Let p(j) = 6*j**3. Let g be (-4)/(-22) + 45/55. Let b be p(g). What is the greatest common divisor of b and 24?
6
Let w = 15 + -9. Suppose 86 = w*o - 3*o - x, o = -2*x + 38. Suppose -3*a = -2*h + 3, a - 6 = -3. Calculate the highest common divisor of o and h.
6
Let r(t) = 11*t - 16. Let x be r(4). Let b = -619 - -927. What is the greatest common divisor of x and b?
28
Let v = -5 - -9. Suppose -2*r + 236 = v*t + 2*r, 0 = 2*t - 5*r - 125. What is the highest common factor of 15 and t?
15
Suppose -2 = -2*s + 2. Suppose 0 = -s*i - 5*u - 13, 0 = -4*i + 3*u + 29 + 10. Calculate the greatest common factor of i and 9.
3
Suppose 3*v - 966 = 3*t, 156 - 466 = -v + 5*t. Suppose g - v = -4*g. What is the highest common factor of 13 and g?
13
Let q(s) = 4*s**2 + 4*s + 2. Let w be q(-2). Calculate the greatest common divisor of w and 40.
10
Let l be (16/(-6))/((-8)/144). Let g be (15/(-6) - -2)*-24. Calculate the highest common divisor of g and l.
12
Let b(d) = -d**3 - d**2 - 2. Let l be b(-2). Suppose 3*h - 2*o + o - 19 = 0, -3*o - 9 = -h. What is the highest common factor of h and l?
2
Suppose -k + 14 + 1 = 0. Suppose -c - 3*c + 2*l = -538, -4*c + 536 = -4*l. Calculate the greatest common divisor of c and k.
15
Suppose 4*m + 40 = -m. Let n be (3*2)/((-3)/m). Calculate the greatest common divisor of 80 and n.
16
Let h = 34 + -14. Let o = -7 + h. Calculate the highest common factor of 65 and o.
13
Suppose 0 = -3*q - 2*l + 32, 2*l - 48 = -5*q + 4*l. Calculate the highest common divisor of q and 20.
10
Let b be 1708/70 - 4/10. What is the highest common factor of b and 30?
6
Let c be 6/(-4)*(-8)/3. Suppose 0*p + c*p - 429 = 3*a, 4*p - 2*a - 426 = 0. Let o = p - 30. Calculate the highest common divisor of o and 15.
15
Let i = 198 + -173. Let k be (-3)/((-6)/20)*1. Calculate the greatest common divisor of k and i.
5
Let f(a) = -a**3 - 10*a**2 - 10*a - 7. Let p be f(-9). Suppose -n - z + 18 = -0*n, 4 = -p*z. Calculate the greatest common factor of 4 and n.
4
Suppose -x + 4*p = -56, 2*p + 296 = 5*x - 2*p. What is the highest common factor of x and 15?
15
Let g(w) = 10*w + 46. Let p be g(0). What is the highest common divisor of p and 230?
46
Let c(q) = q**2 + 7*q - 9. Let x be c(-9). Calculate the highest common factor of x and 9.
9
Let k be (-49)/(-3) + (-2)/6. Let q = 85 - 53. Calculate the highest common divisor of q and k.
16
Let c(d) = d**2 - 2*d - 1. Let f be c(3). Let p(h) = -h - 1 - 1 + 3 - 2*h**2 + 3*h**3. Let a be p(f). What is the greatest common divisor of 6 and a?
3
Let b(t) = 8*t**2 - t + 3. Let z be b(5). Let a be (-3)/(-12)*-2*-36. What is the highest common factor of z and a?
18
Let s = -16 + 70. Calculate the highest common factor of 6 and s.
6
Let p be (4/(-6))/(2/(-294)). Calculate the highest common factor of p and 14.
14
Let n(i) = 12*i**2 - 2*i + 1. Suppose 2*g = 6*g + 4*r, 5*r = 5*g - 10. Let s be n(g). Calculate the greatest common divisor of s and 1.
1
Let z(w) = 4*w - 6. Let v be z(5). Calculate the greatest common divisor of v and 49.
7
Suppose 0 = -4*b + 2*g + 3 - 1, -2*b = -3*g + 5. Let a be 26 - (b + -5 - -2). What is the highest common divisor of a and 3?
3
Let c(p) = p**2 + 5*p - 2. Suppose -5*o - 25 = 5. Let n be c(o). What is the highest common divisor of n and 2?
2
Let z(w) = -2*w + 2. Let a be z(-6). Let b = 29 - a. What is the greatest common factor of b and 3?
3
Let z(l) = l**3 + 3*l**2 - 4*l + 3. Let u be z(-4). Let v = 255 - u. Suppose -t + v = t. What is the highest common divisor of t and 14?
14
Let b = -20 + 35. Suppose 7*a - 4*a = 2*u - 51, -3*u + 87 = -a. Calculate the greatest common divisor of b and u.
15
Suppose 0*w - 20 = -2*w. Let n(y) = y**2 - 9*y + 2. Let q be n(w). What is the highest common divisor of q and 96?
12
Let d(x) = x**2 - 8*x - 11. Suppose -39 = -5*f + 2*f. Let h be d(f). Calculate the greatest common divisor of 9 and h.
9
Let u be (1 + -1)/(-1*2). Suppose -3*l + 2 + 4 = u. Suppose -2*o = l*w - 12, 0 = 2*w - 0*w - 5*o - 12. What is the greatest common factor of w and 30?
6
Suppose -f + 4*k + 33 = -0*k, k = 2*f - 87. Calculate the highest common divisor of 5 and f.
5
Let a = -9 + 12. Calculate the greatest common factor of a and 9.
3
Suppose 0*k + 2*k - 8 = 0. Let r be (48/10)/(k/20). Let z = 0 - -6. What is the greatest common divisor of r and z?
6
Suppose 4*f = -3*q - q - 4, 5*q = -2*f + 7. Suppose 3*o - 18 = -h - o, h - 4 = q*o. Calculate the highest common factor of 30 and h.
10
Let w = 31 + -43. Let t be ((-5)/3)/(2/w). What is the greatest common factor of 4 and t?
2
Suppose 14*z - 68 = 58. Suppose -q = 4*f - 1, 0 = 3*q + 8 + 1. Let a be f + (-2)/(-2) + 79. What is the highest common divisor of a and z?
9
Let h(q) = -7*q**2 - 4*q - 6. Let s(g) = 4 + g**2 - 5*g + 4*g - 5. Let f(o) = -h(o) - 6*s(o). Let z be f(-9). What is the highest common divisor of z and 24?
3
Suppose -5*x - 25 = -4*l + 2, -5*x - 30 = -5*l. Suppose l*f + 8 = 26. Let p be 97/2 + (-1)/2. Calculate the greatest common divisor of f and p.
6
Suppose v + 142 = 4*s, -5*s = v - 124 - 58. Calculate the highest common divisor of s and 9.
9
Suppose -31*l + 26*l = -10. What is the greatest common factor of l and 22?
2
Suppose -27 = -2*l + 11. What is the highest common factor of l and 114?
19
Suppose -5*x + 4*w = -63, -25 = -3*x + w + 10. Let k be (8/(-20))/(1/55